 1049232 and 648?
24
What is the highest common factor of 34398 and 774774?
1638
What is the highest common divisor of 53541 and 1313407?
661
Calculate the greatest common factor of 1746 and 1378467.
873
What is the highest common divisor of 12192624 and 7491?
681
What is the highest common factor of 756682 and 10322?
794
What is the greatest common factor of 2812 and 260794?
38
What is the highest common divisor of 47 and 200359496?
47
What is the greatest common factor of 453986 and 1178?
38
What is the greatest common divisor of 49 and 16675246?
7
Calculate the highest common factor of 1426 and 373767.
31
What is the highest common divisor of 32110 and 242684?
338
Calculate the greatest common divisor of 162 and 8480214.
162
What is the highest common divisor of 120 and 1910010?
30
What is the highest common factor of 275704555 and 27160?
3395
Calculate the greatest common divisor of 11310147 and 3760456.
9593
What is the greatest common divisor of 18276237 and 2070?
207
What is the highest common divisor of 112548036 and 24?
12
What is the greatest common factor of 464573 and 652085?
601
What is the highest common divisor of 4520 and 2448823?
113
What is the greatest common divisor of 9780 and 20845255?
815
Calculate the highest common divisor of 7226 and 892.
2
Calculate the greatest common factor of 1943482 and 10578.
82
Calculate the greatest common divisor of 11 and 945585850.
11
What is the greatest common factor of 17091 and 1433534?
211
Calculate the greatest common divisor of 122 and 1819202573.
61
What is the greatest common factor of 91040376 and 5976?
1992
What is the highest common factor of 2252 and 428315762?
1126
What is the greatest common divisor of 68704 and 255493?
2147
What is the highest common factor of 14616000 and 150?
150
Calculate the highest common divisor of 181 and 8682570.
181
What is the greatest common divisor of 528492 and 208?
4
Calculate the greatest common factor of 7323848 and 448.
56
Calculate the greatest common factor of 2440 and 3778462.
122
What is the greatest common factor of 84609933 and 2836?
709
What is the highest common factor of 1065 and 9200109?
213
Calculate the greatest common factor of 272198962 and 14.
14
What is the highest common divisor of 2725 and 205650300?
2725
What is the greatest common divisor of 69575 and 100?
25
What is the greatest common factor of 34680252 and 624?
12
What is the greatest common divisor of 546 and 1606374?
42
What is the highest common factor of 77 and 421905033?
11
What is the highest common divisor of 1306894 and 3638984?
4618
What is the highest common factor of 19108581 and 1758?
879
What is the greatest common divisor of 1274 and 702078?
26
Calculate the highest common divisor of 101093 and 24467.
43
Calculate the greatest common divisor of 364 and 1130090.
26
What is the highest common divisor of 1572 and 2888157?
393
What is the greatest common divisor of 897176 and 1022?
14
Calculate the greatest common factor of 349908 and 936.
156
Calculate the greatest common factor of 299078500 and 280.
140
Calculate the greatest common divisor of 7728 and 1025248.
2576
What is the highest common factor of 39998 and 3318?
14
What is the greatest common divisor of 92002 and 478222?
314
Calculate the highest common factor of 924 and 3529974.
42
Calculate the highest common factor of 11960 and 10712.
104
Calculate the greatest common divisor of 2016 and 5048928.
288
What is the greatest common divisor of 279471 and 38?
19
What is the greatest common divisor of 559 and 53750?
43
What is the highest common divisor of 250 and 9427175?
25
What is the highest common divisor of 1180 and 211279708?
236
Calculate the greatest common factor of 8405 and 2049795.
205
Calculate the greatest common divisor of 666440 and 54070.
10
What is the greatest common divisor of 1465877 and 2126?
1063
Calculate the greatest common factor of 362 and 356983766.
362
Calculate the highest common factor of 1964592 and 32592.
336
Calculate the greatest common divisor of 1688563 and 4891.
73
Calculate the greatest common divisor of 34584 and 1862296.
1048
What is the greatest common divisor of 248 and 75325288?
248
Calculate the highest common factor of 1543528 and 590.
2
What is the greatest common divisor of 5864195 and 19895?
115
What is the greatest common divisor of 267767840 and 2760?
920
What is the highest common divisor of 1169773 and 49115?
209
Calculate the highest common factor of 2097804549 and 699.
699
Calculate the greatest common factor of 5358210 and 44.
22
What is the greatest common factor of 3249 and 145711?
19
Calculate the highest common divisor of 748 and 7264763.
187
Calculate the highest common divisor of 52472262 and 456.
114
Calculate the highest common factor of 47432 and 3784.
88
What is the highest common divisor of 103668 and 50880?
636
What is the highest common divisor of 20 and 6826735?
5
Calculate the greatest common divisor of 4306160 and 323.
19
Calculate the highest common divisor of 989372 and 3932.
4
What is the highest common divisor of 1064976 and 30272?
176
Calculate the greatest common factor of 456165 and 315555.
1635
Calculate the greatest common divisor of 2800147 and 3377.
307
What is the greatest common divisor of 6474071 and 911121?
3007
Calculate the greatest common factor of 663 and 66082094.
221
What is the greatest common divisor of 659381134 and 2?
2
What is the highest common divisor of 6882 and 318164036?
2294
What is the greatest common factor of 411607517 and 23?
23
Calculate the greatest common factor of 10854 and 6905958.
402
What is the greatest common divisor of 7779162 and 25818?
1986
What is the greatest common divisor of 7011500 and 23680?
740
Calculate the highest common divisor of 613368126 and 714.
714
Calculate the greatest common factor of 43653 and 9300.
3
Calculate the highest common divisor of 10 and 125787265.
5
Calculate the highest common factor of 119 and 3988438.
17
Calculate the greatest common divisor of 406728579 and 2865.
573
What is the highest common factor of 3195 and 35429?
71
Calculate the greatest common factor of 19295 and 58040495.
1135
Calculate the highest common factor of 939012 and 45033.
51
What is the greatest common factor of 1164 and 594476625?
291
Calculate the greatest common divisor of 23879 and 277.
1
What is the highest common factor of 264 and 578556?
132
Calculate the highest common divisor of 638780 and 2480.
20
What is the greatest common factor of 11968 and 183568?
176
Calculate the highest common divisor of 483678 and 13447902.
4134
Calculate the highest common factor of 1975871 and 5771.
199
Calculate the greatest common divisor of 3088 and 849752.
8
What is the highest common factor of 227125 and 1430375?
125
What is the greatest common divisor of 1221 and 2248917?
33
What is the highest common factor of 67236 and 215592?
156
What is the greatest common factor of 2850 and 25735785?
285
Calculate the greatest common factor of 829460436 and 1218.
1218
Calculate the greatest common factor of 16054456 and 46754.
482
Calculate the greatest common factor of 836 and 70522232.
44
Calculate the greatest common factor of 1172262 and 299.
13
What is the highest common factor of 27837 and 56705?
1031
What is the greatest common factor of 197016 and 9354?
6
What is the greatest common divisor of 287 and 155652?
7
Calculate the highest common divisor of 1414968 and 43977.
321
Calculate the highest common divisor of 264 and 5952276.
132
What is the highest common divisor of 166 and 2678019983?
83
Calculate the greatest common factor of 207 and 66348146.
23
What is the greatest common divisor of 16882190 and 2210?
2210
Calculate the highest common divisor of 21998 and 101218.
34
What is the highest common divisor of 39 and 3651375?
39
Calculate the greatest common factor of 204389 and 218755.
653
What is the highest common divisor of 417 and 575667?
3
Calculate the greatest common factor of 156633 and 6834954.
327
Calculate the greatest common divisor of 1011201 and 986379.
591
Calculate the highest common divisor of 2752699 and 11603.
41
What is the greatest common divisor of 8 and 55783760?
8
What is the greatest common divisor of 139672 and 290167?
79
What is the highest common divisor of 213